{"id":25334,"date":"2022-02-28T12:42:31","date_gmt":"2022-02-28T11:42:31","guid":{"rendered":"https:\/\/instytutdietetyki.pl\/sklep\/?post_type=product&#038;p=25334"},"modified":"2024-10-02T19:35:19","modified_gmt":"2024-10-02T17:35:19","slug":"konsultacja-z-dietetykiem-prowadzacym-kurs","status":"publish","type":"product","link":"https:\/\/instytutdietetyki.pl\/sklep\/produkt\/konsultacja-z-dietetykiem-prowadzacym-kurs\/","title":{"rendered":"Konsultacja z dietetykiem prowadz\u0105cym kurs online"},"content":{"rendered":"<h4 class=\"has-text-align-center has-text-color wp-block-heading\" style=\"color:#000000\">Potrzebujesz indywidualnej pomocy w uk\u0142adaniu jad\u0142ospis\u00f3w?<br>Masz pytania dotycz\u0105ce kursu?<br>Jest kilka zagadnie\u0144, kt\u00f3re s\u0105 dla Ciebie trudne i k\u0142opotliwe?<\/h4><p class=\"has-text-color\" style=\"color:#000000\">Nie martw si\u0119! Przychodzimy z pomoc\u0105! Sprawujemy opiek\u0119 tak samo nad pacjentami, jak i Wami kursantami! Jako jedyni dajemy Ci mo\u017cliwo\u015b\u0107, \u017ce w ramach kursu mo\u017cesz skorzysta\u0107 r\u00f3wnie\u017c z indywidualnego nauczania! W naszej ofercie dost\u0119pna jest us\u0142uga, w ramach kt\u00f3rej mo\u017cesz porozmawia\u0107 ze swoim opiekunem &#8211; dietetykiem. Podczas tej rozmowy dietetyk obja\u015bni Ci niezrozumia\u0142e dla Ciebie poj\u0119cia. Wyt\u0142umaczy problematyczne kwestie w uk\u0142adaniu jad\u0142ospis\u00f3w. B\u0119dziesz m\u00f3g\u0142 porozmawia\u0107 z do\u015bwiadczonym specjalist\u0105, kt\u00f3ry ch\u0119tnie odpowie Ci na nurtuj\u0105ce Ci\u0119 pytania zwi\u0105zane z dietetyk\u0105.<\/p><p class=\"has-text-color\" style=\"color:#000000\"><strong>Aby skorzysta\u0107 z konsultacji nale\u017cy si\u0119 wcze\u015bniej um\u00f3wi\u0107 na konkretny termin e-mailowo lub telefonicznie. <\/strong><\/p>","protected":false},"excerpt":{"rendered":"<p>Potrzebujesz indywidualnej pomocy w uk\u0142adaniu jad\u0142ospis\u00f3w?Masz pytania dotycz\u0105ce kursu?Jest kilka zagadnie\u0144, kt\u00f3re s\u0105 dla Ciebie trudne i k\u0142opotliwe? Nie martw si\u0119! Przychodzimy z pomoc\u0105! Sprawujemy opiek\u0119 tak samo nad pacjentami, jak i Wami kursantami! Jako jedyni dajemy Ci mo\u017cliwo\u015b\u0107, \u017ce w ramach kursu mo\u017cesz skorzysta\u0107 r\u00f3wnie\u017c z indywidualnego nauczania! W naszej ofercie dost\u0119pna jest us\u0142uga, [&hellip;]<\/p>\n","protected":false},"featured_media":25335,"comment_status":"open","ping_status":"closed","template":"","meta":{"_et_pb_use_builder":"off","_et_pb_old_content":"<!-- wp:heading {\"textAlign\":\"center\",\"level\":4,\"style\":{\"color\":{\"text\":\"#000000\"}}} -->\n<h4 class=\"has-text-align-center has-text-color\" style=\"color:#000000\">Potrzebujesz indywidualnej pomocy w uk\u0142adaniu jad\u0142ospis\u00f3w?<br>Masz pytania dotycz\u0105ce kursu?<br>Jest kilka zagadnie\u0144, kt\u00f3re s\u0105 dla Ciebie trudne i k\u0142opotliwe?<\/h4>\n<!-- \/wp:heading -->\n\n<!-- wp:paragraph {\"style\":{\"color\":{\"text\":\"#000000\"}}} -->\n<p class=\"has-text-color\" style=\"color:#000000\">Nie martw si\u0119! Przychodzimy z pomoc\u0105! Sprawujemy opiek\u0119 tak samo nad pacjentami, jak i Wami kursantami! Jako jedyni dajemy Ci mo\u017cliwo\u015b\u0107, \u017ce w ramach kursu mo\u017cesz skorzysta\u0107 r\u00f3wnie\u017c z indywidualnego nauczania! W naszej ofercie dost\u0119pna jest us\u0142uga, w ramach kt\u00f3rej mo\u017cesz porozmawia\u0107 ze swoim opiekunem - dietetykiem. Podczas tej rozmowy dietetyk obja\u015bni Ci niezrozumia\u0142e dla Ciebie poj\u0119cia. Wyt\u0142umaczy problematyczne kwestie w uk\u0142adaniu jad\u0142ospis\u00f3w. B\u0119dziesz m\u00f3g\u0142 porozmawia\u0107 z do\u015bwiadczonym specjalist\u0105, kt\u00f3ry ch\u0119tnie odpowie Ci na nurtuj\u0105ce Ci\u0119 pytania zwi\u0105zane z dietetyk\u0105.<\/p>\n<!-- \/wp:paragraph -->\n\n<!-- wp:paragraph {\"style\":{\"color\":{\"text\":\"#000000\"}}} -->\n<p class=\"has-text-color\" style=\"color:#000000\"><strong>Aby skorzysta\u0107 z konsultacji nale\u017cy si\u0119 wcze\u015bniej um\u00f3wi\u0107 na konkretny termin e-mailowo lub telefonicznie. <\/strong><\/p>\n<!-- \/wp:paragraph -->","_et_gb_content_width":""},"product_brand":[],"product_cat":[72,35],"product_tag":[],"class_list":{"0":"post-25334","1":"product","2":"type-product","3":"status-publish","4":"has-post-thumbnail","6":"product_cat-kursy-online","7":"product_cat-kursy-dietetyki-online","9":"first","10":"instock","11":"shipping-taxable","12":"purchasable","13":"product-type-variable"},"aioseo_notices":[],"_links":{"self":[{"href":"https:\/\/instytutdietetyki.pl\/sklep\/wp-json\/wp\/v2\/product\/25334","targetHints":{"allow":["GET"]}}],"collection":[{"href":"https:\/\/instytutdietetyki.pl\/sklep\/wp-json\/wp\/v2\/product"}],"about":[{"href":"https:\/\/instytutdietetyki.pl\/sklep\/wp-json\/wp\/v2\/types\/product"}],"replies":[{"embeddable":true,"href":"https:\/\/instytutdietetyki.pl\/sklep\/wp-json\/wp\/v2\/comments?post=25334"}],"wp:featuredmedia":[{"embeddable":true,"href":"https:\/\/instytutdietetyki.pl\/sklep\/wp-json\/wp\/v2\/media\/25335"}],"wp:attachment":[{"href":"https:\/\/instytutdietetyki.pl\/sklep\/wp-json\/wp\/v2\/media?parent=25334"}],"wp:term":[{"taxonomy":"product_brand","embeddable":true,"href":"https:\/\/instytutdietetyki.pl\/sklep\/wp-json\/wp\/v2\/product_brand?post=25334"},{"taxonomy":"product_cat","embeddable":true,"href":"https:\/\/instytutdietetyki.pl\/sklep\/wp-json\/wp\/v2\/product_cat?post=25334"},{"taxonomy":"product_tag","embeddable":true,"href":"https:\/\/instytutdietetyki.pl\/sklep\/wp-json\/wp\/v2\/product_tag?post=25334"}],"curies":[{"name":"wp","href":"https:\/\/api.w.org\/{rel}","templated":true}]}}