{"id":22321,"date":"2022-05-25T12:51:35","date_gmt":"2022-05-25T10:51:35","guid":{"rendered":"https:\/\/instytutdietetyki.pl\/zakupy\/?post_type=product&#038;p=22321"},"modified":"2023-11-09T16:56:22","modified_gmt":"2023-11-09T15:56:22","slug":"badanie-parametru-alfa-1-antrypsyna","status":"publish","type":"product","link":"https:\/\/instytutdietetyki.pl\/zakupy\/produkt\/badanie-parametru-alfa-1-antrypsyna\/","title":{"rendered":"Alfa-1-antrypsyna"},"content":{"rendered":"<div style=\"height:19px\" aria-hidden=\"true\" class=\"wp-block-spacer\"><\/div><div style=\"height:19px\" aria-hidden=\"true\" class=\"wp-block-spacer\"><\/div><figure class=\"wp-block-gallery has-nested-images columns-4 is-cropped wp-block-gallery-1 is-layout-flex wp-block-gallery-is-layout-flex\"><figure class=\"wp-block-image size-large\"><img loading=\"lazy\" decoding=\"async\" width=\"200\" height=\"200\" data-id=\"21645\" src=\"https:\/\/instytutdietetyki.pl\/zakupy\/wp-content\/uploads\/2022\/02\/1.png\" alt=\"\" class=\"wp-image-21645\" srcset=\"https:\/\/instytutdietetyki.pl\/zakupy\/wp-content\/uploads\/2022\/02\/1.png 200w, https:\/\/instytutdietetyki.pl\/zakupy\/wp-content\/uploads\/2022\/02\/1-150x150.png 150w, https:\/\/instytutdietetyki.pl\/zakupy\/wp-content\/uploads\/2022\/02\/1-100x100.png 100w, https:\/\/instytutdietetyki.pl\/zakupy\/wp-content\/uploads\/2022\/02\/1-64x64.png 64w\" sizes=\"(max-width: 200px) 100vw, 200px\" \/><\/figure>\n\n<figure class=\"wp-block-image size-large\"><img loading=\"lazy\" decoding=\"async\" width=\"200\" height=\"200\" data-id=\"21647\" src=\"https:\/\/instytutdietetyki.pl\/zakupy\/wp-content\/uploads\/2022\/02\/2-1.png\" alt=\"\" class=\"wp-image-21647\" srcset=\"https:\/\/instytutdietetyki.pl\/zakupy\/wp-content\/uploads\/2022\/02\/2-1.png 200w, https:\/\/instytutdietetyki.pl\/zakupy\/wp-content\/uploads\/2022\/02\/2-1-150x150.png 150w, https:\/\/instytutdietetyki.pl\/zakupy\/wp-content\/uploads\/2022\/02\/2-1-100x100.png 100w, https:\/\/instytutdietetyki.pl\/zakupy\/wp-content\/uploads\/2022\/02\/2-1-64x64.png 64w\" sizes=\"(max-width: 200px) 100vw, 200px\" \/><\/figure>\n\n<figure class=\"wp-block-image size-large\"><img loading=\"lazy\" decoding=\"async\" width=\"200\" height=\"200\" data-id=\"21649\" src=\"https:\/\/instytutdietetyki.pl\/zakupy\/wp-content\/uploads\/2022\/02\/3.png\" alt=\"\" class=\"wp-image-21649\" srcset=\"https:\/\/instytutdietetyki.pl\/zakupy\/wp-content\/uploads\/2022\/02\/3.png 200w, https:\/\/instytutdietetyki.pl\/zakupy\/wp-content\/uploads\/2022\/02\/3-150x150.png 150w, https:\/\/instytutdietetyki.pl\/zakupy\/wp-content\/uploads\/2022\/02\/3-100x100.png 100w, https:\/\/instytutdietetyki.pl\/zakupy\/wp-content\/uploads\/2022\/02\/3-64x64.png 64w\" sizes=\"(max-width: 200px) 100vw, 200px\" \/><\/figure>\n\n<figure class=\"wp-block-image size-large\"><img loading=\"lazy\" decoding=\"async\" width=\"200\" height=\"200\" data-id=\"21650\" src=\"https:\/\/instytutdietetyki.pl\/zakupy\/wp-content\/uploads\/2022\/02\/4.png\" alt=\"\" class=\"wp-image-21650\" srcset=\"https:\/\/instytutdietetyki.pl\/zakupy\/wp-content\/uploads\/2022\/02\/4.png 200w, https:\/\/instytutdietetyki.pl\/zakupy\/wp-content\/uploads\/2022\/02\/4-150x150.png 150w, https:\/\/instytutdietetyki.pl\/zakupy\/wp-content\/uploads\/2022\/02\/4-100x100.png 100w, https:\/\/instytutdietetyki.pl\/zakupy\/wp-content\/uploads\/2022\/02\/4-64x64.png 64w\" sizes=\"(max-width: 200px) 100vw, 200px\" \/><\/figure><\/figure><div style=\"height:19px\" aria-hidden=\"true\" class=\"wp-block-spacer\"><\/div><h4 class=\"has-text-align-left has-text-color wp-block-heading\" style=\"color:#000000\"><strong><mark style=\"background-color:rgba(0, 0, 0, 0);color:#000000\" class=\"has-inline-color\">CZYM JEST <\/mark><\/strong>ALFA-1-ANTRYPSYNA<strong><mark style=\"background-color:rgba(0, 0, 0, 0);color:#000000\" class=\"has-inline-color\">?<\/mark><\/strong><\/h4><p class=\"has-black-color has-text-color\"><mark style=\"background-color:rgba(0, 0, 0, 0)\" class=\"has-inline-color has-black-color\"><mark style=\"background-color:rgba(0, 0, 0, 0)\" class=\"has-inline-color has-black-color\">Bia\u0142ko AAT jest wytwarzane w w\u0105trobie i uwalniane do krwi. Jest to bia\u0142ko, kt\u00f3re blokuje aktywno\u015b\u0107 enzym\u00f3w proteolitycznych, kt\u00f3rych funkcja jest trawienie i degradacja szkodliwych i nieprawid\u0142owych bia\u0142ek w kom\u00f3rce. Je\u017celi tego bia\u0142ka jest zbyt ma\u0142o to enzym, kt\u00f3ry nie zostaje zablokowany mo\u017ce doprowadzi\u0107 do uszkodzenia tkanki narz\u0105d\u00f3w. Cz\u0119sto pacjenci, kt\u00f3rzy maj\u0105 niedob\u00f3r alfa-1-antytrypsyny obci\u0105\u017ceni s\u0105 genetyczn\u0105 chorob\u0105, kt\u00f3ra zwi\u0119ksza ryzyko chor\u00f3b p\u0142uc i \/ lub w\u0105troby, ale jej obni\u017cone st\u0119\u017cenie mo\u017ce \u015bwiadczy\u0107 te\u017c o chorobie zwyrodnieniowej w\u0105troby czy te\u017c zapalenia tkanki podsk\u00f3rnej. Niedob\u00f3r cz\u0119sto spotykany u os\u00f3b pal\u0105cych papierosy.\u00a0<\/mark><\/mark><\/p><div style=\"height:19px\" aria-hidden=\"true\" class=\"wp-block-spacer\"><\/div><h4 class=\"has-text-align-left has-text-color wp-block-heading\" style=\"color:#000000\">KTO POWINIEN WYKONA\u0106 BADANIE<mark style=\"background-color:rgba(0, 0, 0, 0);color:#000000\" class=\"has-inline-color\">?<\/mark><mark style=\"background-color:rgba(0, 0, 0, 0);color:#000000\" class=\"has-inline-color\"><\/mark><\/h4><p><mark style=\"background-color:rgba(0, 0, 0, 0)\" class=\"has-inline-color has-black-color\">Badanie powinny wykona\u0107 osoby, u kt\u00f3rych wyst\u0119puj\u0105 nast\u0119puj\u0105ce stany:<\/mark><\/p><ul class=\"has-black-color has-text-color wp-block-list\"><li><mark style=\"background-color:rgba(0, 0, 0, 0)\" class=\"has-inline-color has-black-color\">obrz\u0119k n\u00f3g,<\/mark><\/li><li><mark style=\"background-color:rgba(0, 0, 0, 0)\" class=\"has-inline-color has-black-color\">szybkie m\u0119czenie,<\/mark><\/li><li><mark style=\"background-color:rgba(0, 0, 0, 0)\" class=\"has-inline-color has-black-color\">opuchni\u0119cie brzucha,<\/mark><\/li><li><mark style=\"background-color:rgba(0, 0, 0, 0)\" class=\"has-inline-color has-black-color\">obfite krwawienia z rany,<\/mark><\/li><li><mark style=\"background-color:rgba(0, 0, 0, 0)\" class=\"has-inline-color has-black-color\">zmniejszony apetyt,<\/mark><\/li><li><mark style=\"background-color:rgba(0, 0, 0, 0)\" class=\"has-inline-color has-black-color\">przewlek\u0142a \u017c\u00f3\u0142taczka,<\/mark><\/li><li><mark style=\"background-color:rgba(0, 0, 0, 0)\" class=\"has-inline-color has-black-color\">zabarwione na ciemno ga\u0142ki oczne,<\/mark><\/li><li><mark style=\"background-color:rgba(0, 0, 0, 0)\" class=\"has-inline-color has-black-color\">dolegliwo\u015bci \u017co\u0142\u0105dkowo-jelitowe,<\/mark><\/li><li><mark style=\"background-color:rgba(0, 0, 0, 0)\" class=\"has-inline-color has-black-color\">podejrzenie stanu zapalnego w jelitach,<\/mark><\/li><li><mark style=\"background-color:rgba(0, 0, 0, 0)\" class=\"has-inline-color has-black-color\">duszno\u015b\u0107 podczas wysi\u0142ku fizycznego lub w czasie odpoczynku,<\/mark><\/li><li><mark style=\"background-color:rgba(0, 0, 0, 0)\" class=\"has-inline-color has-black-color\">kaszel; du\u017co \u015bluzu i \u015bliny podczas kaszlu.<\/mark><\/li><\/ul><div style=\"height:19px\" aria-hidden=\"true\" class=\"wp-block-spacer\"><\/div><h4 class=\"has-text-align-left has-text-color wp-block-heading\" style=\"color:#000000\"><strong><mark style=\"background-color:rgba(0, 0, 0, 0);color:#000000\" class=\"has-inline-color\">CO DAJE BADANIE?<\/mark><\/strong><\/h4><p><mark style=\"background-color:rgba(0, 0, 0, 0)\" class=\"has-inline-color has-black-color\">Dzi\u0119ki przeprowadzonemu badaniu mo\u017cemy przeprowadzi\u0107 prawid\u0142ow\u0105 diagnostyk\u0119 pod k\u0105tem chor\u00f3b w\u0105troby, p\u0142uc czy jelit, a tak\u017ce wprowadzi\u0107 prawid\u0142ow\u0105 farmakoteriapi\u0119.<\/mark><\/p><div style=\"height:19px\" aria-hidden=\"true\" class=\"wp-block-spacer\"><\/div><p class=\"has-white-color has-cyan-bluish-gray-background-color has-text-color has-background\" style=\"font-size:16px\"><mark style=\"background-color:rgba(0, 0, 0, 0)\" class=\"has-inline-color has-black-color\">Przeprowadzenie badania polega na pobraniu niewielkiej ilo\u015bci pr\u00f3bki ka\u0142u (do do\u0142\u0105czonego sterylnego pojemnika).<\/mark> <mark style=\"background-color:rgba(0, 0, 0, 0);color:#000000\" class=\"has-inline-color\"><strong>Pr\u00f3bk\u0119 nale\u017cy pobra\u0107 wed\u0142ug instrukcji do\u0142\u0105czonej do zestawu pobraniowego. <\/strong>Dzi\u0119ki temu odpowiednio wykonasz badanie i uchronisz pr\u00f3bk\u0119 przed zanieczyszczeniem. Zam\u00f3w kuriera wed\u0142ug instrukcji (op\u0142ata za przesy\u0142k\u0119 wliczona jest w koszt badania) i wy\u015blij pobran\u0105 pr\u00f3bk\u0119 wraz z ankiet\u0105 do\u0142\u0105czon\u0105 do badania. Pami\u0119taj aby nie wysy\u0142a\u0107 pr\u00f3bki pod koniec tygodnia, poniewa\u017c najlepiej aby jak najszybciej dotar\u0142a do laboratorium.<\/mark><\/p>","protected":false},"excerpt":{"rendered":"<p>CZYM JEST ALFA-1-ANTRYPSYNA? Bia\u0142ko AAT jest wytwarzane w w\u0105trobie i uwalniane do krwi. Jest to bia\u0142ko, kt\u00f3re blokuje aktywno\u015b\u0107 enzym\u00f3w proteolitycznych, kt\u00f3rych funkcja jest trawienie i degradacja szkodliwych i nieprawid\u0142owych bia\u0142ek w kom\u00f3rce. Je\u017celi tego bia\u0142ka jest zbyt ma\u0142o to enzym, kt\u00f3ry nie zostaje zablokowany mo\u017ce doprowadzi\u0107 do uszkodzenia tkanki narz\u0105d\u00f3w. Cz\u0119sto pacjenci, kt\u00f3rzy maj\u0105 [&hellip;]<\/p>\n","protected":false},"featured_media":22484,"comment_status":"open","ping_status":"closed","template":"","meta":{"_et_pb_use_builder":"off","_et_pb_old_content":"","_et_gb_content_width":""},"product_brand":[],"product_cat":[128],"product_tag":[],"class_list":{"0":"post-22321","1":"product","2":"type-product","3":"status-publish","4":"has-post-thumbnail","6":"product_cat-markery-jelitowe","8":"first","9":"instock","10":"shipping-taxable","11":"purchasable","12":"product-type-simple"},"aioseo_notices":[],"_links":{"self":[{"href":"https:\/\/instytutdietetyki.pl\/zakupy\/wp-json\/wp\/v2\/product\/22321","targetHints":{"allow":["GET"]}}],"collection":[{"href":"https:\/\/instytutdietetyki.pl\/zakupy\/wp-json\/wp\/v2\/product"}],"about":[{"href":"https:\/\/instytutdietetyki.pl\/zakupy\/wp-json\/wp\/v2\/types\/product"}],"replies":[{"embeddable":true,"href":"https:\/\/instytutdietetyki.pl\/zakupy\/wp-json\/wp\/v2\/comments?post=22321"}],"wp:featuredmedia":[{"embeddable":true,"href":"https:\/\/instytutdietetyki.pl\/zakupy\/wp-json\/wp\/v2\/media\/22484"}],"wp:attachment":[{"href":"https:\/\/instytutdietetyki.pl\/zakupy\/wp-json\/wp\/v2\/media?parent=22321"}],"wp:term":[{"taxonomy":"product_brand","embeddable":true,"href":"https:\/\/instytutdietetyki.pl\/zakupy\/wp-json\/wp\/v2\/product_brand?post=22321"},{"taxonomy":"product_cat","embeddable":true,"href":"https:\/\/instytutdietetyki.pl\/zakupy\/wp-json\/wp\/v2\/product_cat?post=22321"},{"taxonomy":"product_tag","embeddable":true,"href":"https:\/\/instytutdietetyki.pl\/zakupy\/wp-json\/wp\/v2\/product_tag?post=22321"}],"curies":[{"name":"wp","href":"https:\/\/api.w.org\/{rel}","templated":true}]}}