{"id":22329,"date":"2022-05-25T14:31:31","date_gmt":"2022-05-25T12:31:31","guid":{"rendered":"https:\/\/instytutdietetyki.pl\/zakupy\/?post_type=product&#038;p=22329"},"modified":"2023-11-09T16:55:29","modified_gmt":"2023-11-09T15:55:29","slug":"zonulina","status":"publish","type":"product","link":"https:\/\/instytutdietetyki.pl\/zakupy\/produkt\/zonulina\/","title":{"rendered":"Zonulina"},"content":{"rendered":"<div style=\"height:19px\" aria-hidden=\"true\" class=\"wp-block-spacer\"><\/div><div style=\"height:19px\" aria-hidden=\"true\" class=\"wp-block-spacer\"><\/div><figure class=\"wp-block-gallery has-nested-images columns-4 is-cropped wp-block-gallery-1 is-layout-flex wp-block-gallery-is-layout-flex\"><figure class=\"wp-block-image size-large\"><img loading=\"lazy\" decoding=\"async\" width=\"200\" height=\"200\" data-id=\"21645\" src=\"https:\/\/instytutdietetyki.pl\/zakupy\/wp-content\/uploads\/2022\/02\/1.png\" alt=\"\" class=\"wp-image-21645\" srcset=\"https:\/\/instytutdietetyki.pl\/zakupy\/wp-content\/uploads\/2022\/02\/1.png 200w, https:\/\/instytutdietetyki.pl\/zakupy\/wp-content\/uploads\/2022\/02\/1-150x150.png 150w, https:\/\/instytutdietetyki.pl\/zakupy\/wp-content\/uploads\/2022\/02\/1-100x100.png 100w, https:\/\/instytutdietetyki.pl\/zakupy\/wp-content\/uploads\/2022\/02\/1-64x64.png 64w\" sizes=\"(max-width: 200px) 100vw, 200px\" \/><\/figure>\n\n<figure class=\"wp-block-image size-large\"><img loading=\"lazy\" decoding=\"async\" width=\"200\" height=\"200\" data-id=\"21647\" src=\"https:\/\/instytutdietetyki.pl\/zakupy\/wp-content\/uploads\/2022\/02\/2-1.png\" alt=\"\" class=\"wp-image-21647\" srcset=\"https:\/\/instytutdietetyki.pl\/zakupy\/wp-content\/uploads\/2022\/02\/2-1.png 200w, https:\/\/instytutdietetyki.pl\/zakupy\/wp-content\/uploads\/2022\/02\/2-1-150x150.png 150w, https:\/\/instytutdietetyki.pl\/zakupy\/wp-content\/uploads\/2022\/02\/2-1-100x100.png 100w, https:\/\/instytutdietetyki.pl\/zakupy\/wp-content\/uploads\/2022\/02\/2-1-64x64.png 64w\" sizes=\"(max-width: 200px) 100vw, 200px\" \/><\/figure>\n\n<figure class=\"wp-block-image size-large\"><img loading=\"lazy\" decoding=\"async\" width=\"200\" height=\"200\" data-id=\"21649\" src=\"https:\/\/instytutdietetyki.pl\/zakupy\/wp-content\/uploads\/2022\/02\/3.png\" alt=\"\" class=\"wp-image-21649\" srcset=\"https:\/\/instytutdietetyki.pl\/zakupy\/wp-content\/uploads\/2022\/02\/3.png 200w, https:\/\/instytutdietetyki.pl\/zakupy\/wp-content\/uploads\/2022\/02\/3-150x150.png 150w, https:\/\/instytutdietetyki.pl\/zakupy\/wp-content\/uploads\/2022\/02\/3-100x100.png 100w, https:\/\/instytutdietetyki.pl\/zakupy\/wp-content\/uploads\/2022\/02\/3-64x64.png 64w\" sizes=\"(max-width: 200px) 100vw, 200px\" \/><\/figure>\n\n<figure class=\"wp-block-image size-large\"><img loading=\"lazy\" decoding=\"async\" width=\"200\" height=\"200\" data-id=\"21650\" src=\"https:\/\/instytutdietetyki.pl\/zakupy\/wp-content\/uploads\/2022\/02\/4.png\" alt=\"\" class=\"wp-image-21650\" srcset=\"https:\/\/instytutdietetyki.pl\/zakupy\/wp-content\/uploads\/2022\/02\/4.png 200w, https:\/\/instytutdietetyki.pl\/zakupy\/wp-content\/uploads\/2022\/02\/4-150x150.png 150w, https:\/\/instytutdietetyki.pl\/zakupy\/wp-content\/uploads\/2022\/02\/4-100x100.png 100w, https:\/\/instytutdietetyki.pl\/zakupy\/wp-content\/uploads\/2022\/02\/4-64x64.png 64w\" sizes=\"(max-width: 200px) 100vw, 200px\" \/><\/figure><\/figure><div style=\"height:19px\" aria-hidden=\"true\" class=\"wp-block-spacer\"><\/div><h4 class=\"has-text-align-left has-text-color wp-block-heading\" style=\"color:#000000\"><strong><mark style=\"background-color:rgba(0, 0, 0, 0);color:#000000\" class=\"has-inline-color\">CZYM JEST ZONULINA?<\/mark><\/strong><\/h4><p class=\"has-black-color has-text-color\"><mark style=\"background-color:rgba(0, 0, 0, 0)\" class=\"has-inline-color has-black-color\">Zonulina jest bia\u0142kiem powoduj\u0105cym rozszczelnienie bariery jelitowej. Jej obecno\u015b\u0107 w kale lub krwi mo\u017ce \u015bwiadczy\u0107 o z\u0142ym stanie jelit. Zonulina to marker, kt\u00f3ry daje mo\u017cliwo\u015b\u0107 oceny stopnia przepuszczalno\u015bci \u015bluz\u00f3wki jelit, a tak\u017ce oceny stanu zapalnego w jelicie. Marker ten jest wa\u017cny w diagnostyce chor\u00f3b takich jak zesp\u00f3\u0142 jelita przesi\u0105kliwego, kt\u00f3ry z kolei towarzyszy wielu chorobom autoimmunologicznym w tym celiakii.<\/mark><\/p><div style=\"height:19px\" aria-hidden=\"true\" class=\"wp-block-spacer\"><\/div><h4 class=\"has-text-align-left has-text-color wp-block-heading\" style=\"color:#000000\">KTO POWINIEN WYKONA\u0106 BADANIE<mark style=\"background-color:rgba(0, 0, 0, 0);color:#000000\" class=\"has-inline-color\">?<\/mark><mark style=\"background-color:rgba(0, 0, 0, 0);color:#000000\" class=\"has-inline-color\"><\/mark><\/h4><p><mark style=\"background-color:rgba(0, 0, 0, 0)\" class=\"has-inline-color has-black-color\">Je\u015bli borykasz si\u0119 z chocia\u017c jednym z poni\u017cszych punkt\u00f3w warto wykona\u0107 badania:<\/mark><\/p><ul class=\"has-black-color has-text-color wp-block-list\"><li>Choroby zapalne jelit,<\/li><li>Diagnostyka celiaklii,<\/li><li>Alergie pokarmowe,<\/li><li>Po zabiegach chirurgicznych,<\/li><li>Po przeprowadzonej antybiotykoterapii lub innej lekoterapii,<\/li><li>Stres,<\/li><li>Palenie tytoniu.<\/li><\/ul><div style=\"height:19px\" aria-hidden=\"true\" class=\"wp-block-spacer\"><\/div><h4 class=\"has-text-align-left has-text-color wp-block-heading\" style=\"color:#000000\"><strong><mark style=\"background-color:rgba(0, 0, 0, 0);color:#000000\" class=\"has-inline-color\">CO DAJE BADANIE?<\/mark><\/strong><\/h4><p class=\"has-black-color has-text-color\"><mark style=\"background-color:rgba(0, 0, 0, 0)\" class=\"has-inline-color has-black-color\">Dzi\u0119ki wynikowi badania mo\u017cna dobra\u0107 odpowiedni\u0105 diet\u0119 i probiotyki, kt\u00f3re b\u0119d\u0105 korzystne dla osoby z zespo\u0142em nieszczelnego jelita. Wzrost poziomu tego bia\u0142ka w kale jest uznawany za marker rozszczelnienia jelita a inaczej zespo\u0142u jelita przesi\u0105kliwego. Podwy\u017cszony poziom zonuliny obserwuje si\u0119 r\u00f3wnie\u017c u os\u00f3b choruj\u0105cych na celiaki\u0119, reumatoidalne zapalenie staw\u00f3w, cukrzyc\u0119, a tak\u017ce stwardnienie rozsiane.\u00a0<\/mark><\/p><div style=\"height:19px\" aria-hidden=\"true\" class=\"wp-block-spacer\"><\/div><p class=\"has-white-color has-cyan-bluish-gray-background-color has-text-color has-background\" style=\"font-size:16px\"><mark style=\"background-color:rgba(0, 0, 0, 0)\" class=\"has-inline-color has-black-color\">Przeprowadzenie badania polega na pobraniu niewielkiej ilo\u015bci pr\u00f3bki ka\u0142u (do do\u0142\u0105czonego sterylnego pojemnika).<\/mark> <mark style=\"background-color:rgba(0, 0, 0, 0);color:#000000\" class=\"has-inline-color\"><strong>Pr\u00f3bk\u0119 nale\u017cy pobra\u0107 wed\u0142ug instrukcji do\u0142\u0105czonej do zestawu pobraniowego. <\/strong>Dzi\u0119ki temu odpowiednio wykonasz badanie i uchronisz pr\u00f3bk\u0119 przed zanieczyszczeniem. Zam\u00f3w kuriera wed\u0142ug instrukcji (op\u0142ata za przesy\u0142k\u0119 wliczona jest w koszt badania) i wy\u015blij pobran\u0105 pr\u00f3bk\u0119 wraz z ankiet\u0105 do\u0142\u0105czon\u0105 do badania. Pami\u0119taj aby nie wysy\u0142a\u0107 pr\u00f3bki pod koniec tygodnia, poniewa\u017c najlepiej aby jak najszybciej dotar\u0142a do laboratorium.<\/mark><\/p><div style=\"height:19px\" aria-hidden=\"true\" class=\"wp-block-spacer\"><\/div><div style=\"height:14px\" aria-hidden=\"true\" class=\"wp-block-spacer\"><\/div>","protected":false},"excerpt":{"rendered":"<p>CZYM JEST ZONULINA? Zonulina jest bia\u0142kiem powoduj\u0105cym rozszczelnienie bariery jelitowej. Jej obecno\u015b\u0107 w kale lub krwi mo\u017ce \u015bwiadczy\u0107 o z\u0142ym stanie jelit. Zonulina to marker, kt\u00f3ry daje mo\u017cliwo\u015b\u0107 oceny stopnia przepuszczalno\u015bci \u015bluz\u00f3wki jelit, a tak\u017ce oceny stanu zapalnego w jelicie. Marker ten jest wa\u017cny w diagnostyce chor\u00f3b takich jak zesp\u00f3\u0142 jelita przesi\u0105kliwego, kt\u00f3ry z kolei [&hellip;]<\/p>\n","protected":false},"featured_media":22484,"comment_status":"open","ping_status":"closed","template":"","meta":{"_et_pb_use_builder":"off","_et_pb_old_content":"","_et_gb_content_width":""},"product_brand":[],"product_cat":[128],"product_tag":[],"class_list":{"0":"post-22329","1":"product","2":"type-product","3":"status-publish","4":"has-post-thumbnail","6":"product_cat-markery-jelitowe","8":"first","9":"instock","10":"shipping-taxable","11":"purchasable","12":"product-type-simple"},"aioseo_notices":[],"_links":{"self":[{"href":"https:\/\/instytutdietetyki.pl\/zakupy\/wp-json\/wp\/v2\/product\/22329","targetHints":{"allow":["GET"]}}],"collection":[{"href":"https:\/\/instytutdietetyki.pl\/zakupy\/wp-json\/wp\/v2\/product"}],"about":[{"href":"https:\/\/instytutdietetyki.pl\/zakupy\/wp-json\/wp\/v2\/types\/product"}],"replies":[{"embeddable":true,"href":"https:\/\/instytutdietetyki.pl\/zakupy\/wp-json\/wp\/v2\/comments?post=22329"}],"wp:featuredmedia":[{"embeddable":true,"href":"https:\/\/instytutdietetyki.pl\/zakupy\/wp-json\/wp\/v2\/media\/22484"}],"wp:attachment":[{"href":"https:\/\/instytutdietetyki.pl\/zakupy\/wp-json\/wp\/v2\/media?parent=22329"}],"wp:term":[{"taxonomy":"product_brand","embeddable":true,"href":"https:\/\/instytutdietetyki.pl\/zakupy\/wp-json\/wp\/v2\/product_brand?post=22329"},{"taxonomy":"product_cat","embeddable":true,"href":"https:\/\/instytutdietetyki.pl\/zakupy\/wp-json\/wp\/v2\/product_cat?post=22329"},{"taxonomy":"product_tag","embeddable":true,"href":"https:\/\/instytutdietetyki.pl\/zakupy\/wp-json\/wp\/v2\/product_tag?post=22329"}],"curies":[{"name":"wp","href":"https:\/\/api.w.org\/{rel}","templated":true}]}}